{"id":54,"date":"2024-04-10T21:27:39","date_gmt":"2024-04-10T19:27:39","guid":{"rendered":"https:\/\/esec.hu\/?page_id=54"},"modified":"2026-03-21T21:59:18","modified_gmt":"2026-03-21T20:59:18","slug":"esec-a-minosegi-biztonsagtechnika","status":"publish","type":"page","link":"https:\/\/esec.hu\/","title":{"rendered":"Esec a min\u0151s\u00e9gi biztons\u00e1gtechnika"},"content":{"rendered":"\t\t<div data-elementor-type=\"wp-post\" data-elementor-id=\"54\" class=\"elementor elementor-54\">\n\t\t\t\t<div class=\"elementor-element elementor-element-c02cdb4 e-con-full e-flex e-con e-parent\" data-id=\"c02cdb4\" data-element_type=\"container\">\n\t\t\t\t<div class=\"elementor-element elementor-element-559ae1a elementor-widget elementor-widget-image\" data-id=\"559ae1a\" data-element_type=\"widget\" data-widget_type=\"image.default\">\n\t\t\t\t<div class=\"elementor-widget-container\">\n\t\t\t\t\t\t\t\t\t\t\t\t<figure class=\"wp-caption\">\n\t\t\t\t\t\t\t\t\t\t<img fetchpriority=\"high\" decoding=\"async\" width=\"1026\" height=\"773\" src=\"https:\/\/esec.hu\/wp-content\/uploads\/2024\/04\/Screenshot_2024-02-18-20-01-34-219_com.android.chrome.png\" class=\"attachment-full size-full wp-image-21\" alt=\"\" srcset=\"https:\/\/esec.hu\/wp-content\/uploads\/2024\/04\/Screenshot_2024-02-18-20-01-34-219_com.android.chrome.png 1026w, https:\/\/esec.hu\/wp-content\/uploads\/2024\/04\/Screenshot_2024-02-18-20-01-34-219_com.android.chrome-300x226.png 300w, https:\/\/esec.hu\/wp-content\/uploads\/2024\/04\/Screenshot_2024-02-18-20-01-34-219_com.android.chrome-1024x771.png 1024w, https:\/\/esec.hu\/wp-content\/uploads\/2024\/04\/Screenshot_2024-02-18-20-01-34-219_com.android.chrome-768x579.png 768w\" sizes=\"(max-width: 1026px) 100vw, 1026px\" \/>\t\t\t\t\t\t\t\t\t\t\t<figcaption class=\"widget-image-caption wp-caption-text\"><\/figcaption>\n\t\t\t\t\t\t\t\t\t\t<\/figure>\n\t\t\t\t\t\t\t\t\t<\/div>\n\t\t\t\t<\/div>\n\t\t\t\t<div class=\"elementor-element elementor-element-58bf5db elementor-widget elementor-widget-text-editor\" data-id=\"58bf5db\" data-element_type=\"widget\" data-widget_type=\"text-editor.default\">\n\t\t\t\t<div class=\"elementor-widget-container\">\n\t\t\t\t\t\t\t\t\t<p style=\"text-align: center;\"><span style=\"color: #333333;\">Riaszt\u00f3 Tervez\u00e9s, Telep\u00edt\u00e9s, Jav\u00edt\u00e1s, Karbantart\u00e1s, Tan\u00e1csad\u00e1s<\/span><\/p>\t\t\t\t\t\t\t\t<\/div>\n\t\t\t\t<\/div>\n\t\t\t\t<\/div>\n\t\t<div class=\"elementor-element elementor-element-36bcdb6 e-flex e-con-boxed e-con e-parent\" data-id=\"36bcdb6\" data-element_type=\"container\">\n\t\t\t\t\t<div class=\"e-con-inner\">\n\t\t\t\t<div class=\"elementor-element elementor-element-de5e7f4 elementor-widget elementor-widget-image\" data-id=\"de5e7f4\" data-element_type=\"widget\" data-widget_type=\"image.default\">\n\t\t\t\t<div class=\"elementor-widget-container\">\n\t\t\t\t\t\t\t\t\t\t\t\t\t\t\t<img decoding=\"async\" width=\"768\" height=\"1024\" src=\"https:\/\/esec.hu\/wp-content\/uploads\/2024\/04\/IMG_20190930_183604-768x1024.jpg\" class=\"attachment-large size-large wp-image-71\" alt=\"\" srcset=\"https:\/\/esec.hu\/wp-content\/uploads\/2024\/04\/IMG_20190930_183604-768x1024.jpg 768w, https:\/\/esec.hu\/wp-content\/uploads\/2024\/04\/IMG_20190930_183604-225x300.jpg 225w, https:\/\/esec.hu\/wp-content\/uploads\/2024\/04\/IMG_20190930_183604-1152x1536.jpg 1152w, https:\/\/esec.hu\/wp-content\/uploads\/2024\/04\/IMG_20190930_183604-1536x2048.jpg 1536w, https:\/\/esec.hu\/wp-content\/uploads\/2024\/04\/IMG_20190930_183604-scaled.jpg 1920w\" sizes=\"(max-width: 768px) 100vw, 768px\" \/>\t\t\t\t\t\t\t\t\t\t\t\t\t\t\t<\/div>\n\t\t\t\t<\/div>\n\t\t\t\t<div class=\"elementor-element elementor-element-2a9667e elementor-widget elementor-widget-text-editor\" data-id=\"2a9667e\" data-element_type=\"widget\" data-widget_type=\"text-editor.default\">\n\t\t\t\t<div class=\"elementor-widget-container\">\n\t\t\t\t\t\t\t\t\t<p style=\"text-align: center;\"><span style=\"color: #999999;\">Keressen bizalommal<\/span><\/p><p style=\"text-align: center;\"><span style=\"color: #999999;\">Telefon: 06704153491<\/span><\/p><p style=\"text-align: center;\"><span style=\"color: #999999;\">E-mail: egrierno@esec.hu<\/span><\/p>\t\t\t\t\t\t\t\t<\/div>\n\t\t\t\t<\/div>\n\t\t\t\t\t<\/div>\n\t\t\t\t<\/div>\n\t\t\t\t<\/div>\n\t\t","protected":false},"excerpt":{"rendered":"<p>Riaszt\u00f3 Tervez\u00e9s, Telep\u00edt\u00e9s, Jav\u00edt\u00e1s, Karbantart\u00e1s, Tan\u00e1csad\u00e1s Keressen bizalommal Telefon: 06704153491 E-mail: egrierno@esec.hu<\/p>\n","protected":false},"author":1,"featured_media":0,"parent":0,"menu_order":0,"comment_status":"closed","ping_status":"closed","template":"","meta":{"ocean_post_layout":"","ocean_both_sidebars_style":"","ocean_both_sidebars_content_width":0,"ocean_both_sidebars_sidebars_width":0,"ocean_sidebar":"","ocean_second_sidebar":"","ocean_disable_margins":"enable","ocean_add_body_class":"","ocean_shortcode_before_top_bar":"","ocean_shortcode_after_top_bar":"","ocean_shortcode_before_header":"","ocean_shortcode_after_header":"","ocean_has_shortcode":"","ocean_shortcode_after_title":"","ocean_shortcode_before_footer_widgets":"","ocean_shortcode_after_footer_widgets":"","ocean_shortcode_before_footer_bottom":"","ocean_shortcode_after_footer_bottom":"","ocean_display_top_bar":"default","ocean_display_header":"default","ocean_header_style":"","ocean_center_header_left_menu":"","ocean_custom_header_template":"","ocean_custom_logo":0,"ocean_custom_retina_logo":0,"ocean_custom_logo_max_width":0,"ocean_custom_logo_tablet_max_width":0,"ocean_custom_logo_mobile_max_width":0,"ocean_custom_logo_max_height":0,"ocean_custom_logo_tablet_max_height":0,"ocean_custom_logo_mobile_max_height":0,"ocean_header_custom_menu":"","ocean_menu_typo_font_family":"","ocean_menu_typo_font_subset":"","ocean_menu_typo_font_size":0,"ocean_menu_typo_font_size_tablet":0,"ocean_menu_typo_font_size_mobile":0,"ocean_menu_typo_font_size_unit":"px","ocean_menu_typo_font_weight":"","ocean_menu_typo_font_weight_tablet":"","ocean_menu_typo_font_weight_mobile":"","ocean_menu_typo_transform":"","ocean_menu_typo_transform_tablet":"","ocean_menu_typo_transform_mobile":"","ocean_menu_typo_line_height":0,"ocean_menu_typo_line_height_tablet":0,"ocean_menu_typo_line_height_mobile":0,"ocean_menu_typo_line_height_unit":"","ocean_menu_typo_spacing":0,"ocean_menu_typo_spacing_tablet":0,"ocean_menu_typo_spacing_mobile":0,"ocean_menu_typo_spacing_unit":"","ocean_menu_link_color":"","ocean_menu_link_color_hover":"","ocean_menu_link_color_active":"","ocean_menu_link_background":"","ocean_menu_link_hover_background":"","ocean_menu_link_active_background":"","ocean_menu_social_links_bg":"","ocean_menu_social_hover_links_bg":"","ocean_menu_social_links_color":"","ocean_menu_social_hover_links_color":"","ocean_disable_title":"default","ocean_disable_heading":"default","ocean_post_title":"","ocean_post_subheading":"","ocean_post_title_style":"","ocean_post_title_background_color":"","ocean_post_title_background":0,"ocean_post_title_bg_image_position":"","ocean_post_title_bg_image_attachment":"","ocean_post_title_bg_image_repeat":"","ocean_post_title_bg_image_size":"","ocean_post_title_height":0,"ocean_post_title_bg_overlay":0.5,"ocean_post_title_bg_overlay_color":"","ocean_disable_breadcrumbs":"default","ocean_breadcrumbs_color":"","ocean_breadcrumbs_separator_color":"","ocean_breadcrumbs_links_color":"","ocean_breadcrumbs_links_hover_color":"","ocean_display_footer_widgets":"default","ocean_display_footer_bottom":"default","ocean_custom_footer_template":"","footnotes":""},"class_list":["post-54","page","type-page","status-publish","hentry","entry"],"_links":{"self":[{"href":"https:\/\/esec.hu\/index.php?rest_route=\/wp\/v2\/pages\/54","targetHints":{"allow":["GET"]}}],"collection":[{"href":"https:\/\/esec.hu\/index.php?rest_route=\/wp\/v2\/pages"}],"about":[{"href":"https:\/\/esec.hu\/index.php?rest_route=\/wp\/v2\/types\/page"}],"author":[{"embeddable":true,"href":"https:\/\/esec.hu\/index.php?rest_route=\/wp\/v2\/users\/1"}],"replies":[{"embeddable":true,"href":"https:\/\/esec.hu\/index.php?rest_route=%2Fwp%2Fv2%2Fcomments&post=54"}],"version-history":[{"count":44,"href":"https:\/\/esec.hu\/index.php?rest_route=\/wp\/v2\/pages\/54\/revisions"}],"predecessor-version":[{"id":170,"href":"https:\/\/esec.hu\/index.php?rest_route=\/wp\/v2\/pages\/54\/revisions\/170"}],"wp:attachment":[{"href":"https:\/\/esec.hu\/index.php?rest_route=%2Fwp%2Fv2%2Fmedia&parent=54"}],"curies":[{"name":"wp","href":"https:\/\/api.w.org\/{rel}","templated":true}]}}